u**2/2 - 11. Determine t(q).
0
Let l(y) be the first derivative of y**4/4 - y**2 - y + 54. Suppose 0 = 6*b - 9*b + 6. Give l(b).
3
Let r(u) = -6*u + 3. Suppose n - 5*x + 8 = 0, -2*x = -4*n + 1 + 3. What is r(n)?
-9
Let c(z) = z**2 - 12*z + 21. Let b(g) = -12*g - 99. Let u be b(-9). Calculate c(u).
-6
Let n(z) = -71*z - 15. Let o(d) = 6*d + 1. Let f(y) = -2*n(y) - 22*o(y). What is f(-3)?
-22
Let z(q) = q + 16. Let d(a) = 5*a + 80. Let k(r) = 2*d(r) - 11*z(r). Let p(h) = -3*h**2 - 14*h + 17. Let m be p(-6). Determine k(m).
-9
Let g(p) = 5*p**3 + 4*p**2 + 13*p - 6. Let j(y) = 2*y**3 - y**2 - 2*y. Let i(b) = g(b) - 3*j(b). Give i(9).
3
Let u(m) = -5*m**3 + 66*m**2 + 39*m + 44. Let o(l) = -2*l**3 + 23*l**2 + 13*l + 15. Let b(a) = 8*o(a) - 3*u(a). Give b(-13).
-12
Let j(i) = 3*i**3 - 2*i**2 + 5*i + 7. Let l(z) = 2*z**3 - z**2 + 4*z + 6. Let f(d) = -3*j(d) + 4*l(d). Determine f(3).
-3
Let c(h) = 3*h**3 - 4*h**2 + h + 2. Let p(y) = 13*y**3 - 16*y**2 + 4*y + 10. Let o(m) = -9*c(m) + 2*p(m). Determine o(3).
8
Let g(o) = -6*o + 1 - 3*o**2 + 3 + 5*o + 3*o + 2*o**2. Determine g(3).
1
Let a(z) = 258 - 135 + 5*z - 131 + z**2. Calculate a(-7).
6
Let g(j) = -4*j**2 - 3*j - 3. Suppose -2*z + 114 = 5*o, 96 + 18 = 2*z + 3*o. Let d be (-14)/6 + 19/z. Calculate g(d).
-13
Suppose 0 = -12*r + 1711 - 1687. Let y(w) = -4*w**3 + 2*w**2 + 2*w - 2. Give y(r).
-22
Let q be 6/3*(-3 + 3 + 2). Let i(y) = -y**2 + 6*y - 2. Determine i(q).
6
Let h(b) = b**2 + 5*b + 7. Suppose 4*z + 16 = -5*r - 19, -4*r - 2 = -2*z. Give h(z).
7
Let p(c) be the second derivative of c**3/3 + 9*c**2/2 - 10*c - 3. Let v = -17 + 10. What is p(v)?
-5
Let w(u) = -4*u - 6. Let d(l) = -5*l - 35. Let p(m) = -m - 9. Let s(v) = 4*d(v) - 15*p(v). Let b(z) = -4*s(z) + 3*w(z). Suppose 15 - 45 = 15*j. Calculate b(j).
-14
Let o(z) = 9*z**3 - 3*z**2 + 2*z + 10. Let h(t) = 5*t**3 - t**2 + t + 5. Let k be ((-1)/(-2))/(7/(-98)). Let x(l) = k*h(l) + 4*o(l). What is x(4)?
-7
Let t(s) = -1848*s - 19 - 1845*s + 3691*s. Determine t(-9).
-1
Let u be 3/(-4) + -6 + 350/40. Let n(s) = s - 2. Give n(u).
0
Suppose 0 = -4*r + 10*r - 888. Let s = -151 + r. Let j(m) = 2*m - 1. Give j(s).
-7
Let d(l) = -711*l**2 + 7 - 6 + 708*l**2 - 4*l + 2*l. Calculate d(1).
-4
Let k(w) = -w - 13. Let y(m) = 2*m**2 + m - 4. Let s be y(2). Suppose -f + 3*q = -s, 9 - 29 = 5*q. Calculate k(f).
-7
Let y(s) = -5 - 4*s + 126*s**3 - s**2 - 125*s**3 + 0*s**2 + s - 2*s**2. Let x be 1/(-1 + 0) - -5. Determine y(x).
-1
Let s be 1260/3600 - (4/(-6) - -1). Let f(v) be the third derivative of v**2 + 7/24*v**4 - s*v**5 - 5/6*v**3 + 0*v + 0. Calculate f(6).
1
Let y(a) be the third derivative of -a**4/12 + a**3/3 + 76*a**2. Determine y(-4).
10
Let x(g) be the second derivative of -2*g**3 - g**2/2 + 4*g - 25. Give x(-1).
11
Let o(k) = -k + 5*k - 3*k + k**2 + 6. Let z be o(0). Let s(t) = t**2 - 7*t - 6. What is s(z)?
-12
Let y(s) = -s**3 - 9*s**2 - 7*s + 17. Suppose -19*j = -27 + 179. Give y(j).
9
Let i(r) = -r**2 + 6*r + 8. Let x(j) = -j**3 - j**2 + 2*j + 8. Let g(t) = 2*t**2 + 11*t + 5. Let p be g(-5). Let w be x(p). What is i(w)?
-8
Let s(h) be the third derivative of -h**5/60 + h**3/2 + 2*h**2. Suppose -6*q + 60 = -q. Let p = q - 9. Give s(p).
-6
Let v(f) = -f**3 - 10*f**2 - 10*f - 11. Suppose 0 = -u - 4*x + 3 - 20, 4*x = 3*u + 19. Calculate v(u).
-2
Let q be 75/10*(-4)/(-6). Suppose 3*i = -2*g + q*g + 30, -3*g = 2*i. Let l(k) = 7*k - 15. Let w(z) = 11*z - 23. Let v(t) = 8*l(t) - 5*w(t). Determine v(i).
1
Let n(v) = v. Let x(d) = -1. Let h(u) = n(u) - 2*x(u). Suppose -27*q - 12 = -4*i - 26*q, -2*q = 3*i - 20. Determine h(i).
6
Suppose 0 = -21*y + 11*y + 40. Let p(g) = -g**3 + 6*g**2 - 5*g - 4. What is p(y)?
8
Let k(h) = 2*h**3 - 8*h**2 + 2*h + 1. Suppose 11*a + 15 = 16*a. Determine k(a).
-11
Let m(f) = f**2 - 8*f + 7. Let c be m(9). Suppose 3*a = a + c. Let q(w) = 8 - a + 3*w. Give q(2).
6
Let y be (-10)/6 + (-2)/18*-6. Let l be y*(-4 + 2/2). Let b(p) = 7*p - 5. Let v(f) = f - 1. Let r(g) = b(g) - 3*v(g). Calculate r(l).
10
Let r(x) = x**2 + 2*x - 1. Let u = 2 + 3. Suppose 2*o = -4*g - 3*o + 29, u*g + 10 = 3*o. Calculate r(g).
2
Suppose 14*a - 21 = 7. Let d(f) = -14*f. What is d(a)?
-28
Let z(b) be the third derivative of b**7/840 + b**6/90 - 7*b**5/120 - b**4/6 - 29*b**3/6 + 31*b**2. Let f(r) be the first derivative of z(r). Give f(-5).
6
Let a(v) = -3*v**3 - 19*v**2 + 18*v - 7. Let f(y) = -8*y**3 - 56*y**2 + 53*y - 19. Let d(k) = 11*a(k) - 4*f(k). Give d(14).
-1
Let j(y) = y**3 - y - 1. Let g(i) = -i**3 + 12*i**2 - i + 11. Let n be g(12). Let a(d) = 6*d**3 - 5*d**2 - 4*d - 6. Let r(s) = n*a(s) + 5*j(s). Determine r(5).
-4
Let r(i) = -i**3 - i**2 + 13*i - 3. Let s be r(-4). Let a(n) = -n**2 - 10*n + 2. Calculate a(s).
23
Let a(f) = f**3 - 19654 + 2*f - 3*f + 19650 - f**2. Give a(3).
11
Suppose -2*h - 21 = 1. Let s(i) = -i**3 - 10*i**2 + 10*i - 11. Determine s(h).
0
Let n be (-24)/(-20)*30/4. Let g = -7 + n. Suppose -l = -2*b - 9, g*b - 3*l + 21 = -b. Let o(i) = 3*i + 1. Give o(b).
-5
Suppose v - 2 = 2, 5 = -5*w - 5*v. Let u(m) = -16 + m**2 - 11 - 6 + 0*m + 4*m + 27. What is u(w)?
-1
Let y(u) = u**2 + 5*u - 2. Let b be y(-4). Let q = 5 + b. Let z(g) = -g - 2. Calculate z(q).
-1
Let t = 6037 - 6044. Let c(u) = -11 + 1 + 5*u**2 - 6*u**2 - 8*u. What is c(t)?
-3
Let t(a) be the first derivative of -a**4/2 - a**3 - a**2/2 + a + 24. Let m = -10 + 15. Let c be (-25)/(-10)*(-4)/m. Determine t(c).
7
Let q(y) = -7*y - 12 - 16*y**2 + 10*y + 10*y**2 + 5*y. Let w(z) = 4*z**2 - 5*z + 8. Let h(v) = 5*q(v) + 7*w(v). Give h(3).
-7
Let o(f) = 17*f + 11 - 18*f - 23. What is o(-8)?
-4
Let g(o) be the first derivative of 4*o**2 - 3*o - 81. Determine g(2).
13
Let g(v) = -3*v**3 - 2*v**2 + 2*v - 8. Let q(y) = y**3 - y**2 + 1. Let l(b) = g(b) + 4*q(b). Determine l(5).
-19
Let l(n) = 4*n + 9. Let t(k) = -k + 2. Let r(w) = w. Let i(x) = 2*r(x) + t(x). Let f(z) = 3*i(z) - l(z). Determine f(4).
-7
Let a(v) = -v - 2. Let l(j) = 2*j + 2. Let r(n) = -7*a(n) - 3*l(n). What is r(4)?
12
Let y(x) = -x**3 - 26*x**2 + 21*x - 4. Let p(k) = 2*k**3 + 51*k**2 - 42*k + 8. Let t(l) = 6*p(l) + 11*y(l). Give t(-21).
4
Suppose 0 = -5*n - 12 - 13. Let v(a) be the first derivative of -a**5/60 - a**4/6 + 5*a**2/2 - 3. Let i(y) be the second derivative of v(y). Determine i(n).
-5
Let c(t) = -t**2 - 13*t - 1. Suppose -16 = h + 3*w, 5*w - 5 - 3 = h. What is c(h)?
-1
Let z(d) be the second derivative of d**3/6 - 19*d**2/2 + 194*d - 2. What is z(11)?
-8
Let d(j) = 7*j - 8061*j**3 + 8*j**2 - 6*j + 8062*j**3 + 8. Determine d(-7).
50
Let x(n) = -n**3 - n**2 + n. Let w be 25 + 3 + 2*-1. Suppose 0 = -4*u - b + 3*b + 6, 4*b + 12 = -5*u. Suppose -5*d + 21 - w = u. Calculate x(d).
-1
Let o = 7 - -11. Suppose 0 = 4*p + y - 24, 0 = 3*p + 3*y + y - o. Let j(s) = -s + 7. What is j(p)?
1
Suppose 4*b + 9 = 3*b. Let w be (3/2)/(b/(-42)). Suppose 4 = j + w. Let s(y) = -3*y - 4. What is s(j)?
5
Let t(x) = -3*x**3 - x**2 + 10*x - 5. Let c(k) = -4*k**3 - 3*k**2 + 11*k - 6. Let v(l) = -4*c(l) + 5*t(l). What is v(-6)?
-1
Let f(b) = -591*b**3 - 588*b**3 - 13 + 7*b - 8*b**2 + 1178*b**3. Calculate f(-9).
5
Suppose -2*b = -13*b. Let v(h) = -h**2 + h - 18. Determine v(b).
-18
Let i(w) = w - 1. Suppose 2*o + 2*o - 8 = 0. Let c be -2 + o - (-1 + -3). Determine i(c).
3
Let i(z) = -7*z**3 - 9*z**2 - 7*z - 20. Let f(d) = d**3 + 3. Let m(h) = -6*f(h) - i(h). Give m(-8).
10
Let u be 12/(-16) - 22/(-8). Let k(l) = l**3 + 0*l**2 - 6*l - 12 + 5*l**u + 8. Let y be k(-6). Let d(f) = -f**2 - f + 1. What is d(y)?
-11
Let t(u) = -u**3 - 9*u**2 - 7*u + 3. Let d be -13 - (-5 - 1) - 3/3. Calculate t(d).
-5
Let v(z) = z**3 - 22. Suppose 5*i - y - 2 = 0, -13*i + 8*i + 3*y = -6. Determine v(i).
-22
Let r(b) = -76*b + 145*b + 24 - 71*b. Give r(9).
6
Let l(c) be the second derivative of 2*c**3/3 - c**2 + 29*c. Give l(2).
6
Let g be (2/2)/((-3)/9). Let w(d) = -4*d + 2. What is w(g)?
14
Suppose 5*j = -0*j - 20, 24 = 4*b + 5*j. Let a(d) = d**2 - 6*d + 29. Let n be a(4). Suppose -2*o - n = -b. Let y(i) = i + 7. Give y(o).
2
Let s(j) be the second derivative of j**3/2 - 6*j**2 + 795*j. Give s(5).
3
Let i = 34 + -38. Let a(f) be the first derivative of f - 5 + 1/3*f**3 + 3*f**2. Give a(i).
-7
Let m(n) = 3*n - 4. Suppose 3*a = 17*a - 126. Suppose 3*x = 6 + a. Calcu